et i be 2/4*-6 - -5. Suppose -3*t - 17 = -i*n - 2, 2*n + 4*t = 50. Does 6 divide n?
False
Let v(y) = -28*y + 1. Let j(z) = -z**2 + 5*z - 5. Let i(n) = -n**2 + 3*n + 4. Let r be i(3). Let o be j(r). Is v(o) a multiple of 9?
False
Is 88 + 3*-5*2/(-15) a multiple of 10?
True
Let w(g) = g**3 + 7*g**2 - 6*g + 8. Let u be (2*(1 + 6))/(-2). Let d be w(u). Let c = -34 + d. Does 5 divide c?
False
Let o = 44 - 19. Is o even?
False
Let i(t) = 128*t**3 + 8*t**2 + 11*t + 14. Let x(b) = 43*b**3 + 3*b**2 + 4*b + 5. Let s(f) = 4*i(f) - 11*x(f). Does 13 divide s(1)?
True
Let z = 13 - 4. Let r be ((-1)/(-3))/(3/9). Suppose -a + z = -r. Is a a multiple of 10?
True
Suppose -2*q = -0*q + 568. Is q/(-6) + 3/(-9) a multiple of 15?
False
Let t be ((-2)/6)/((-1)/9). Suppose 6 + t = 3*l. Is l a multiple of 2?
False
Let j = 63 + -42. Let f(v) = v**3 - 4*v**2 - v + 1. Let r be f(3). Let s = j + r. Is 6 a factor of s?
False
Suppose 4*o + 3 - 51 = 0. Is 6 a factor of o?
True
Let x = 7 + -5. Suppose 2*y + h - 4 - 2 = 0, 15 = 5*y + h. Suppose y*o = -15, -g = -x*g - o + 5. Is g a multiple of 5?
True
Suppose -3062 + 319 = -13*y. Is y a multiple of 24?
False
Let m(r) = -r**3 - 1. Let i(x) = -2*x**3 - x**2 + 4*x - 2. Let t(h) = i(h) - m(h). Suppose -5 = -g + 4*g - z, 3*z - 3 = 5*g. Is 5 a factor of t(g)?
True
Let q = 5 + 0. Does 5 divide q?
True
Let t(n) be the first derivative of -3*n**2/2 - n - 1. Let k be t(-2). Suppose k*y = -p + 54, -5*y - 3*p = -0*p - 62. Is 5 a factor of y?
True
Let v = 48 + -39. Is v even?
False
Suppose 0 = -0*s + s + 74. Let z = s - -142. Suppose 86 = 5*t + 4*o, 5*o - o - z = -4*t. Is t a multiple of 9?
True
Suppose 3*r - 347 = -2*f, 2*r = 5*f + 27 + 198. Is r a multiple of 23?
True
Suppose -12 = 4*y - 5*y + 2*o, 24 = 3*y - 2*o. Suppose 64 = 2*t - y*t. Is 22 a factor of 454/8 - 4/t?
False
Suppose 8*s + 284 = 1404. Does 10 divide s?
True
Suppose -4*f = -253 - 23. Is 24 a factor of f?
False
Let m(l) = 2*l**2 + 16*l - 10. Is 20 a factor of m(-13)?
True
Let t(c) = -3*c - 1. Let f be t(2). Let y = -11 - f. Is (-4)/y*(-4)/(-1) a multiple of 2?
True
Let a = -3 + 5. Let s = a - 2. Suppose 3*q + 2*q - 165 = s. Is 15 a factor of q?
False
Suppose -2*j - j = -57. Is 9 a factor of j?
False
Let g = -10 + 15. Suppose q + p = 5, -13 = -4*q + 5*q - g*p. Does 2 divide q?
True
Let h = -11 - -7. Let s = -22 - h. Let u = s + 36. Does 7 divide u?
False
Let a(h) = h**3 + 4*h**2 - 5*h + 3. Suppose m = 2, 3*o + 6 = o + 5*m. Suppose -o*q + 2 = 10. Is a(q) a multiple of 18?
False
Suppose -5 + 28 = -2*u - 3*w, -3*w = -3*u + 3. Let o = 425 - 827. Is o/(-9) - u/(-6) a multiple of 16?
False
Let t(q) = -q**2 + 0 + 3*q**2 + 3*q - 1. Let v be t(7). Suppose -7*z = -2*z - 2*f - 102, 2*f = -5*z + v. Is 11 a factor of z?
True
Suppose -2*w = -5*d + 31, w = -5*d - 3*w + 13. Does 2 divide d?
False
Suppose 2*k + 17 = -9. Let v(g) = -g**3 - 4*g**2 + 2*g + 1. Let y be v(-5). Let d = y - k. Does 14 divide d?
False
Let v be -2*1 - 49/1. Let z be 0 - (-3 + v) - 3. Let j = z + -21. Does 10 divide j?
True
Let s = -53 + 63. Does 7 divide s?
False
Suppose -3*g + 36 = -81. Does 3 divide g?
True
Let h(b) = b**2 + 4*b + 1. Let n be 2/4*(-16)/2. Let k be h(n). Let y = 6 - k. Is 3 a factor of y?
False
Suppose h + 127 = a, 4*a - 3*h = 485 + 22. Is 21 a factor of a?
True
Let y = -13 - -20. Let m = -4 + y. Let u = m + 24. Is 10 a factor of u?
False
Suppose 2*f - 3*f = -4. Suppose 0 = -4*w + w. Suppose w = 5*o - m - 137, -f*m + 3*m + 79 = 3*o. Does 12 divide o?
False
Suppose -4*w - 56 = -0*w. Let p(s) = -s**2 + 4*s - 2. Let o be p(4). Does 15 divide 1 - (w + 0/o)?
True
Is 17 a factor of (-7)/((-35)/40)*16?
False
Suppose 0 = 3*i - 3 - 6. Is i a multiple of 3?
True
Suppose -770 = -10*p - p. Is p a multiple of 14?
True
Let b be -25 - (-2 - (3 - 4)). Let f = 39 + b. Is f a multiple of 5?
True
Let u be (-3)/(-1*6/10). Let g = u - 5. Suppose 0 = y - 17 - g. Does 17 divide y?
True
Let l(a) be the first derivative of -7*a**4/4 - 2*a**3/3 + a + 2. Let t be l(1). Let o = t + 16. Does 8 divide o?
True
Suppose 0*q = q - 2. Suppose -m - 4 = -q*m. Suppose m*f - f = 144. Is f a multiple of 16?
True
Let v(r) = r**3 - 4*r**2 + 2*r - 1. Let b be v(3). Let i be 2/(-4) - (-102)/b. Let u = i - -64. Is 16 a factor of u?
False
Let w(x) = -x**3 - 2*x**2 - 2*x - 1. Let q be w(-2). Let p be (48/18)/(2/q). Is 11 a factor of (p/(-2) - -38) + -3?
True
Is 12/32 + (-4346)/(-16) a multiple of 31?
False
Suppose 2*r + 91 = 7. Let k be r/(-8) - (-2)/(-8). Suppose 3*n = -k + 56. Is n a multiple of 7?
False
Let o(b) = -b**3 - 5*b**2 + 9*b - 7. Let x be o(-7). Let a = 39 - x. Does 11 divide a?
True
Let m = 1 - -1. Is 2 a factor of m?
True
Let r(s) = 3*s + 2 - 6 - 5*s. Let o be r(-4). Is 48 + (2 - -1 - o) a multiple of 14?
False
Let l(p) = -p**3 + 2*p**2 + 4*p + 4. Is 4 a factor of l(-2)?
True
Let d(m) = 9*m - 13. Let s be d(11). Suppose 0 = 2*c - 2*y - 44, -4*c - y + s = -3*y. Let j = c - -7. Does 14 divide j?
True
Let q(x) = 4 - 7 + 2 + 6 - 13*x. Is q(-7) a multiple of 26?
False
Suppose -6*f + 3 = -3. Let l = f - -19. Is 5 a factor of l?
True
Suppose 3*i + 18 = -3*m, 0*m - 2*m + 5*i = 33. Let q(z) = z + 13. Is q(m) a multiple of 4?
True
Let f be 8/(-6)*45/(-6). Suppose d = 6*d - f. Let a = d + 2. Does 4 divide a?
True
Let c(i) = i - 5. Let l be c(8). Suppose -o = -l*k - 5*o - 7, 2*o = k - 11. Suppose 5*p = -k*v + 162, 0 = p + v - 14 - 18. Does 14 divide p?
False
Let g(q) = -q**3 + 7*q**2 - 7*q + 9. Let x be g(6). Suppose -p - k = 0, -x*p = -4*k - 4 - 10. Suppose f - 2 = 0, p*w + 0 = 5*f + 2. Is 3 a factor of w?
True
Let u = 15 - 78. Let w be 1 + 0 + (-7)/1. Does 14 divide ((-16)/(-6))/(w/u)?
True
Suppose -2*f = -3*x, 2*x - 5*f = -0*x - 11. Let w be 25 + (-6*(-1)/2 - 4). Is 4 a factor of (3 + x)*w/15?
True
Suppose 4*g - c = 4*c + 398, 3*c = 6. Does 17 divide g?
True
Let b be 5/(-15) - (-4)/3. Suppose -b = -l - 0*l. Is 12 a factor of (-1 + l/(-3))*-9?
True
Suppose -y + 5*q = -2*y + 53, -5*y + 2*q + 373 = 0. Is y a multiple of 20?
False
Let b = 3 + -1. Does 13 divide (b - -24)*2/4?
True
Let b(c) = 3*c - 2. Suppose 4*n - n + 5*w = 13, 29 = -n + 5*w. Let o be b(n). Let m = 38 + o. Does 11 divide m?
False
Let q(s) = 42*s. Is q(1) a multiple of 9?
False
Let s be (-5*2)/(-2) - 2. Let d(b) = 0 + 0*b + s*b - 2. Does 16 divide d(6)?
True
Let t = 257 + -132. Does 12 divide t?
False
Let d = -133 + 281. Is d a multiple of 9?
False
Suppose 4*n + 5*u - 71 = 0, 3*u = -3*n + 9 + 45. Is 19 a factor of n?
True
Let m(u) = 8*u**2 + 2*u + 3. Let s = 9 + -6. Does 20 divide m(s)?
False
Let i(m) = -m**2 + m + 59. Let b be i(0). Suppose -2*g - b = -5*o + 91, 2*g + 66 = 2*o. Is o a multiple of 14?
True
Suppose -4*a + 2*t + 79 = 5*t, -t + 107 = 5*a. Is 4 a factor of a?
False
Is 2/(-2 - (-159)/78) a multiple of 10?
False
Let k(z) = z**2 - 7*z + 6. Let y be k(6). Let c(q) = q**3 - q + 8. Let g be c(y). Let a = 13 - g. Is a a multiple of 2?
False
Let g(m) = m**2 - 4*m + 5. Let i = 10 + -6. Is g(i) a multiple of 3?
False
Suppose -2*u - 2*y = -4*u + 14, -y - 19 = -4*u. Is 25 a factor of ((-140)/(-21))/(u/30)?
True
Let z be 2/4 + (-86)/(-4). Let t be 14*(-2 - 12/(-8)). Let l = z + t. Is l a multiple of 15?
True
Let u be (-1*3)/((-6)/10). Suppose -83 = -2*z + u*v, 0 = -4*z - z - v + 248. Is 12 a factor of z?
False
Let v be (-26 - 5)*(-6)/(-2). Let h = v - -162. Does 14 divide h?
False
Is (8 + -1)*(-1440)/(-168) a multiple of 12?
True
Suppose -10 - 6 = -2*j. Suppose 0 = -j*u + 10*u - 114. Does 18 divide u?
False
Let k = -6 + 18. Let r = k - 1. Is 6 a factor of r?
False
Let z(t) = 4*t**2 - 8*t - 10. Let v be z(10). Suppose -3*d = 2*d + 5*k + v, 0 = -5*k - 20. Let r = -34 - d. Does 8 divide r?
True
Suppose -148 + 35 = -m - 5*y, 4*y - 20 = 0. Is m a multiple of 22?
True
Let a = -8 - -12. Suppose 16 = a*f + 3*j - 41, 3*f - 3*j = 27. Does 6 divide f?
True
Let g be -27*2 + 1 + -2. Let m = 95 + g. Let c = m + -19. Is c a multiple of 7?
True
Suppose -p = 3*v - 50, -5*v - p = -72 - 8. Let r = v + -5. Does 4 divide r?
False
Let l = 59 + -28. Does 5 divide l?
False
Let j(l) = -3*l + 6. Is j(-10) even?
True
Suppose -4*w - 7 = -2*v + 13, 6 = -2*w. Suppose 0*x = 3*x + 4*q + 8, v*x - 5*q - 10 = 0. Is 50 - 6 - (-2 + x) a multiple of 20?
False
Let t be (-8)/(-16)*-1*6. Let i = t + 6. Is 2 a facto